 b and 2?
2
Suppose -r - 44 = -2*r - 3*t, -5*r + 202 = -3*t. Let k = -24 + r. What is the greatest common factor of k and 187?
17
Let b = -36 - -91. Let u = b + -51. Calculate the greatest common divisor of 92 and u.
4
Let s = 896 - 840. Calculate the highest common divisor of s and 136.
8
Suppose -2*n = 5*r - 7*n - 70, 3*n + 70 = 5*r. Calculate the greatest common factor of 119 and r.
7
Suppose z - 27*s = -26*s + 867, 5*s + 867 = z. Calculate the highest common divisor of 102 and z.
51
Let r(t) = -t - 12. Let k be r(12). Suppose 57 = 3*b - 27. Let d = b + k. What is the highest common factor of d and 12?
4
Let m(v) = -10*v - 152. Let x be m(-17). What is the highest common factor of 8 and x?
2
Let j = -20 - 32. Let f = -22 - j. Let l = -105 - -195. Calculate the highest common divisor of l and f.
30
Let q(c) = c**3 + 6*c**2 - 13*c - 33. Let v be q(-7). Calculate the greatest common factor of v and 369.
9
Suppose -6*s - 173 - 559 = 0. Let g = -52 - s. Suppose 0 = -b + 12 + 2. Calculate the highest common factor of b and g.
14
Let o = 3450 + -3386. Let u = 13 + 3. What is the highest common factor of o and u?
16
Let d(b) = -2*b + 13. Let r be d(0). Suppose -s + 47 = r. Calculate the greatest common divisor of 85 and s.
17
Suppose -3*p + r = -894, 2*p - 5*r = 8 + 575. What is the greatest common factor of 46 and p?
23
Let v = -62 - -95. Let l = -229 + 575. Suppose 3*t + 669 = 4*c, -2*t - l - 320 = -4*c. What is the highest common divisor of c and v?
33
Suppose -4*j = -349 - 627. Let v be 8/((-12)/3) + j. What is the highest common divisor of 22 and v?
22
Let h be 51/(-459) - 866/(-18). What is the greatest common factor of h and 66?
6
Let y be (-701 + -4)/(-3) + -1. Suppose -3*m + y = 45. Calculate the greatest common divisor of m and 7.
7
Let t be 0/(6 + (-3 - -1)). Let k(g) = 2*g - 42. Let u be k(t). Let d = -20 - u. Calculate the highest common divisor of d and 242.
22
Let s(r) = r + 143. Let g be s(-9). Calculate the highest common divisor of 469 and g.
67
Suppose -25*u = -129 + 29. Let i be -1 + 10/(2/1). Suppose -t + b = -34, -i*t - u*b = -0*t - 104. Calculate the highest common factor of 12 and t.
6
Suppose -3*n + 4*u - 10 = 1, 3*u - 27 = -4*n. Let y be (n + 4/(-4))*5. What is the highest common divisor of y and 10?
10
Let k = -58 - -117. Suppose -29655 + 1807 = -59*x. Calculate the greatest common factor of x and k.
59
Suppose -40 = -11*m + m. Suppose -1108 = -4*p - m*v, -5*p + 2*v + 187 = -1184. What is the greatest common divisor of p and 25?
25
Let m(z) = -20 + 47 - 11 + 10*z**2 + 4 + z**3 + 9*z. Let v be m(-9). Suppose k - 3*k + 42 = -2*t, 4*t + 4 = 0. Calculate the highest common factor of v and k.
20
Let c(g) = 6*g**2 - 4*g - 67. Let j be c(-16). What is the greatest common divisor of j and 21?
21
Let x be (2 - 1)/((-18)/(-126)). Let m be (2 + -4 - x)*45/(-9). What is the highest common factor of 405 and m?
45
Suppose 3*k + 4*p - 69 = 0, -35 = -2*k - 2*p + 9. Let c be 100 + (-7)/(77/55). Calculate the highest common divisor of k and c.
19
Suppose 2*i = 11*o - 15*o + 18, -o - 5*i + 27 = 0. Calculate the greatest common divisor of o and 22.
2
Suppose -1526 - 2845 = -31*f. What is the highest common factor of 3 and f?
3
Let t(l) be the second derivative of -5*l**3 - l**2 + 49*l. Let i be t(-3). What is the greatest common divisor of 8 and i?
8
Suppose 4*c = 52 - 16. Let s(z) = z**2 - 4*z + 7. Let a be s(5). Let i = a + -11. Calculate the greatest common factor of c and i.
1
Suppose 3*p + 3*l = 555, -5*l = -5*p + 229 + 686. What is the greatest common divisor of p and 138?
46
Let u be -165*(160/(-225) - (-1)/9). What is the greatest common divisor of 44 and u?
11
Suppose 3*n = w - 6497, 3*n + 6502 = w - n. What is the greatest common divisor of w and 14?
14
Suppose 2*x - 4*t + 2 = 0, -6*x = -5*x - t - 2. What is the highest common divisor of 45 and x?
5
Let u = 160 - 144. Calculate the greatest common factor of u and 12.
4
Suppose n + 321 = 2*m + 2*n, 5*m - 810 = -n. Suppose -4*s + m - 7 = 0. Calculate the highest common factor of s and 429.
39
Suppose -4*g + 8 = 4*i + g, 9 = -i - 4*g. Suppose 2*m = i*m - 5. Let u be 2*-5*32/(-40). What is the greatest common divisor of m and u?
1
Let i(p) = -p + 9. Let o be i(-7). Suppose -5*b + 141 = o. Suppose 3*k - 32 = -2*g, -3*g = 4*k - 7*k - 18. What is the greatest common factor of g and b?
5
Suppose -376*b - 6 = -379*b. What is the greatest common factor of 32 and b?
2
Suppose 404*t - 405*t = -100. What is the highest common factor of t and 75?
25
Let y(k) = k**2 + 21*k + 99. Let l be y(-6). Calculate the highest common factor of 12 and l.
3
Let u be (12/2)/((-1)/(-4)). Let g = -1424 - -1427. Calculate the greatest common divisor of g and u.
3
Let k(v) = -v**3 - 10*v**2 + 18. Let s be k(-8). Let f = 111 + s. Calculate the greatest common factor of f and 11.
1
Let m be (-1 - 9)*((-91)/14 + 5). Let s = 5 + -3. Let x = 8 + s. Calculate the highest common factor of x and m.
5
Suppose 0 = 4*i + 3*p - 53, 3*i - p = 8 + 35. Let o be (-2)/(-4) - (-1)/(2/83). What is the highest common divisor of o and i?
14
Suppose p - 3*v - 7 = 0, 4*p = -6*v + 2*v + 12. Suppose p - 13 = 3*b. Let y be -2 - ((-24)/b)/(-2). What is the highest common divisor of y and 6?
2
Suppose 5*p = -10*p + 480. Calculate the greatest common divisor of p and 288.
32
Let q(p) = p**3 - 5*p**2 + 19*p - 19. Let c be q(9). What is the highest common factor of 136 and c?
68
Let n be 0 - 0/(-1) - -2. Let r = -700 - -704. Calculate the greatest common factor of r and n.
2
Let b(x) = x**2 + 37*x + 396. Let p be b(-16). Calculate the highest common divisor of p and 4020.
60
Let m(f) = -f**2 + 34*f + 108. Let l be m(36). Let c be ((-6)/12)/(1/(-36)). Calculate the highest common factor of l and c.
18
Suppose 5*q = 3 + 17. Suppose 451 = q*f - 653. Suppose i - f = -108. Calculate the greatest common factor of i and 21.
21
Suppose 6*x = x + 25. Suppose -x*q = -5*a + 165, 128 = 4*a + 3*q - 32. What is the greatest common divisor of 37 and a?
37
Let q = -216 + 306. Calculate the greatest common divisor of 70 and q.
10
Let f = -489 + 525. Calculate the highest common factor of 21 and f.
3
Let f(m) = m - m + 3 + 0*m - m. Let d be f(-8). Suppose d*s - 825 = 8*s. What is the greatest common factor of 25 and s?
25
Let u(z) be the second derivative of -z**5/20 - z**4/2 + 10*z**3/3 - 3*z**2/2 + 20*z. Let k be u(-9). What is the greatest common divisor of 150 and k?
30
Let c = -433 - -438. What is the greatest common divisor of 515 and c?
5
Suppose 0*v = 3*v - 15. Suppose -100 = -v*f + 4*y, 5*f - 54 = -3*y + 46. Let b be 1/7 + 1104/112. Calculate the highest common divisor of f and b.
10
Suppose d = -2*k + 11, 49 = 5*d + 4*k - 6. Calculate the highest common divisor of 407 and d.
11
Let u(r) = -r**2 - 7*r - 3. Let o be u(-5). Suppose 0 = 5*j - 8*j - 9. Let v be (o + -12)*j/5. Calculate the greatest common divisor of 21 and v.
3
Let x be (-3 + 1)/(-2)*-1. Let l be x/3*(-1 + -5). Suppose -l*z - j - 9 = -47, -18 = -2*z + 4*j. Calculate the highest common factor of z and 119.
17
Suppose -2*g = -5*v + 44, 3*v = 6*v. Let s = g - -34. What is the highest common factor of 132 and s?
12
Let x = -7 - -10. Suppose -w = -x*y + 16, 3*y = y + 5*w + 28. Calculate the greatest common divisor of y and 28.
4
Suppose 4*d = -2*y + 163 + 25, 0 = -5*y + 20. Let k = d + 7. Suppose b = -0*b + k. Calculate the highest common divisor of b and 26.
26
Suppose -5*n + 25 = z, -3*n + 18 = 6. Suppose 3*y - 281 = -z. Calculate the greatest common divisor of y and 23.
23
Let y(i) = i**2 - 3*i - 3. Let f be y(-2). Let z = 2 - f. Let o = 7 - z. Calculate the greatest common divisor of o and 18.
6
Let u be 63*(589/114 - (3 + 10/(-4))). Suppose 15 = 4*x - 153. Calculate the greatest common factor of x and u.
42
Let r be (-12840)/(-102) + (-4)/(-34). Calculate the greatest common divisor of 90 and r.
18
Suppose -112 = -4*c + 32. Suppose 4*k - c = 3*k. Let p = 2319 + -2211. What is the highest common divisor of k and p?
36
Suppose 2*h - 6*h + 376 = -4*w, 3*w = h - 102. What is the highest common divisor of h and 126?
18
Let p = 29 + 560. What is the greatest common factor of 19 and p?
19
Suppose -x + 6*x - 5*d = -20, 0 = -2*d + 8. Suppose -4*n + 24 = -x*n. Let h be (1 - n)*39/(-5). Calculate